02021?
-102223
In base 15, what is 150 - 84?
bb
In base 9, what is 50 - 24008?
-23848
In base 8, what is 275012 + -2?
275010
In base 16, what is 5e + -3e?
20
In base 16, what is 0 + 995d?
995d
In base 12, what is -1b17 - 37?
-1b52
In base 12, what is 71745 + 4?
71749
In base 4, what is 12 - 10320023?
-10320011
In base 15, what is 0 - -c37d?
c37d
In base 16, what is 0 + -8d174?
-8d174
In base 10, what is 808 + 12?
820
In base 16, what is -5 - 1ea68?
-1ea6d
In base 11, what is 626 - -236?
861
In base 3, what is 1 + 1022000001?
1022000002
In base 14, what is -190 + 39?
-155
In base 16, what is 21 + -165d7?
-165b6
In base 16, what is -5 - -8588?
8583
In base 9, what is 2 - -2632?
2634
In base 7, what is -20234 + 3?
-20231
In base 7, what is -166 + 224464?
224265
In base 3, what is 1 - 221021202?
-221021201
In base 14, what is -1c58 + 8d?
-1ba9
In base 4, what is 12020312 - -11?
12020323
In base 12, what is 2320 + 20?
2340
In base 15, what is 44c0 - -1?
44c1
In base 2, what is 11111011001100 + -100?
11111011001000
In base 15, what is 391 - a2?
2de
In base 10, what is 3397 - 0?
3397
In base 13, what is -46b + -81?
-51c
In base 3, what is 2121100 + -10012?
2111011
In base 3, what is -2201121 + 102?
-2201012
In base 12, what is -8b3 + 311?
-5a2
In base 8, what is 2570 - -377?
3167
In base 2, what is 10010000000100 - -10011001?
10010010011101
In base 7, what is -6 + -54514?
-54523
In base 15, what is -48 + 6542?
64e9
In base 7, what is 313 - -5351?
5664
In base 2, what is 11110011110 + -10011?
11110001011
In base 6, what is -225 + -12004?
-12233
In base 10, what is 2951 + 31?
2982
In base 13, what is 5 + 229901?
229906
In base 9, what is -581 - 321?
-1012
In base 16, what is -23 + -3c1?
-3e4
In base 3, what is 10 - 111210220?
-111210210
In base 16, what is -3 - -cbb91?
cbb8e
In base 3, what is -1200 - -10222221?
10221021
In base 12, what is 4 + 5334?
5338
In base 7, what is -2 - 212415?
-212420
In base 10, what is -85524 + -1?
-85525
In base 4, what is -10211113110 - -10?
-10211113100
In base 5, what is 24141 + -113?
24023
In base 10, what is 44 - -15366?
15410
In base 5, what is -101211 - 3132?
-104343
In base 8, what is 6 + -4373?
-4365
In base 5, what is -2 - -424103?
424101
In base 14, what is 192 - -1044?
11d6
In base 4, what is -23 + -202332322?
-202333011
In base 2, what is -1001010 - -1011001110010110?
1011001101001100
In base 14, what is 2 - -8c75?
8c77
In base 3, what is 100020 - -101000?
201020
In base 11, what is -2 - 13783?
-13785
In base 7, what is 1166 + -3?
1163
In base 7, what is 4432 - 0?
4432
In base 6, what is 5 - -140222?
140231
In base 14, what is 507 - 353?
194
In base 2, what is -100001110001001011 - 10?
-100001110001001101
In base 13, what is b1 + -7020?
-6c3c
In base 7, what is 24 - -35420?
35444
In base 12, what is -299b9 - -15?
-299a4
In base 2, what is 10011100110 - -11000000?
10110100110
In base 16, what is -86 + -1049?
-10cf
In base 2, what is -1101001101011 - 1?
-1101001101100
In base 13, what is 4a - aa2?
-a55
In base 4, what is -102013302 + -2?
-102013310
In base 9, what is -8 - -11026?
11017
In base 11, what is 35 + 1492?
1517
In base 13, what is -2770a - -1?
-27709
In base 12, what is -177699 + 0?
-177699
In base 11, what is -99587 + -11?
-99598
In base 15, what is 302 - 125a?
-e58
In base 6, what is 245511011 - 4?
245511003
In base 10, what is 968501 - -5?
968506
In base 2, what is -10011101 - -110000?
-1101101
In base 8, what is -11 - 4020?
-4031
In base 10, what is 3925 - 336?
3589
In base 7, what is 4444 + -5052?
-305
In base 8, what is 772 - -113?
1105
In base 9, what is -2 + -1158813?
-1158815
In base 13, what is 3 - 3a68a2?
-3a689c
In base 8, what is -2 + 72?
70
In base 6, what is 5 + 230122?
230131
In base 2, what is -111101010111000 - 111?
-111101010111111
In base 13, what is 4a1c - 18?
4a04
In base 9, what is -118 - -1373?
1254
In base 16, what is -1 + -424b5?
-424b6
In base 2, what is -1 - 1110100110?
-1110100111
In base 5, what is 0 + -1110221?
-1110221
In base 7, what is -4 + 3165624?
3165620
In base 5, what is -2 + -410031?
-410033
In base 15, what is -11 + -16b2?
-16c3
In base 5, what is -2 + -23014431?
-23014433
In base 7, what is -10 + -35224?
-35234
In base 9, what is -31722 + 35?
-31676
In base 7, what is -46162 + 16?
-46143
In base 2, what is 110 - 1000011111100100?
-1000011111011110
In base 8, what is 17 + -106430?
-106411
In base 4, what is 11 - 32203301?
-32203230
In base 4, what is 10 + -222031220?
-222031210
In base 7, what is -13 + 2505?
2462
In base 10, what is -376 + 2454?
2078
In base 14, what is 2c + -92c?
-900
In base 7, what is 11133 + -13?
11120
In base 11, what is -3 + 12338?
12335
In base 2, what is -101 + 10001000111101111?
10001000111101010
In base 14, what is 9 - 36c7?
-36bc
In base 8, what is -55 - 1000?
-1055
In base 9, what is -10 + 68831?
68821
In base 15, what is 18a12 - -3?
18a15
In base 2, what is -100011101 - -1100011100?
111111111
In base 6, what is 513 - 2124?
-1211
In base 4, what is 3 - 3220300?
-3220231
In base 15, what is -931 - 18c?
-abd
In base 9, what is -20054 + 26?
-20027
In base 10, what is 3 - 319?
-316
In base 16, what is -1075 - 7?
-107c
In base 8, what is -35 - -6513?
6456
In base 2, what is -1001100 + -10000000110?
-10001010010
In base 6, what is -430132 + -35?
-430211
In base 15, what is 193 + 4ac?
650
In base 16, what is -976 - -7f3?
-183
In base 8, what is 747656 - -2?
747660
In base 3, what is -100 + 100011122?
100011022
In base 2, what is 101 + 10011101000000011110?
10011101000000100011
In base 9, what is 4 - 13337?
-13333
In base 4, what is 10 - 313022032?
-313022022
In base 5, what is -14132324 - -10?
-14132314
In base 3, what is -101022220101 - -1?
-101022220100
In base 8, what is 733 + -155?
556
In base 13, what is -26 + 12aa9?
12a83
In base 10, what is -19423 - -5?
-19418
In base 6, what is 22 - -2453?
2515
In base 10, what is 90 + 5683?
5773
In base 5, what is -1434234221 + 0?
-1434234221
In base 15, what is a6 - -1d7?
28d
In base 7, what is -121 + 2654?
2533
In base 16, what is 4da + 30?
50a
In base 15, what is 5c33 + 2a?
5c5d
In base 9, what is 1874 + -12?
1862
In base 11, what is -866 + 34?
-832
In base 10, what is -387862 + 2?
-387860
In base 9, what is 11071 - 4?
11066
In base 12, what is 32b0 + -189?
3123
In base 16, what is 2 + -904?
-902
In base 11, what is 2 - 29423?
-29421
In base 5, what is -143312 + 11031?
-132231
In base 8, what is 702301 - -4?
702305
In base 10, what is -158797 - 7?
-158804
In base 16, what is 8dd + -16a?
773
In base 10, what is -774733 - 5?
-774738
In base 12, what is -b + -53b6?
-5405
In base 13, what is -3 - c656?
-c659
In base 2, what is 10100011 + -1100110?
111101
In base 3, what is -1101202222 + -21?
-1101210020
In base 12, what is 689 + -91?
5b8
In base 7, what is -1 - 202214?
-202215
In base 15, what is 11 + -56e?
-55d
In base 2, what is -11 - 11110100110101000?
-11110100110101011
In base 16, what is -18e0 - -17?
-18c9
In base 12, what is 4 + -110130?
-110128
In base 9, what is -26037 - 30?
-26067
In base 10, what is -2518726 - 3?
-2518729
In base 10, what is 1335 - -3115?
4450
In base 3, what is 2 - -102111102?
102111111
In base 2, what is -1001000000001011101 - 1?
-1001000000001011110
In base 3, what is 121112121 + -2?
121112112
In base 2, what is -110110010101110 - 11?
-110110010110001
In base 11, what is -a40 + -225?
-1165
In base 8, what is -43452 + -175?
-43647
In base 8, what is -41112 - 164?
-41276
In base 10, what is -23575 - -2?
-23573
In base 6, what is -24 - 5313005?
-5313033
In base 3, what is -10121202 - 2120?
-10201022
In base 16, what is 60dcc - -5?
60dd1
In base 4, what is -30223030000 - 2?
-30223030002
In base 2, what is 10010101 + 1011110111?
1110001100
In base 11, what is -20 + -1534?
-1554
In base 7, what is 530056 - -4?
530063
In base 14, what is -6 - -d392?
d38a
In base 3, what is -200022122201 - 2?
-200022122210
In base 6, what is -411554 - -2?
-411552
In base 2, what is 1010000 + 1000010001001?
1000011011001
In base 6, what is 31 + 115221?
115252
In base 11, what is 456078 + -3?
456075
In base 8, what is 116403 - -5?
116410
In base 11, what is -1868 + 1a7?
-1671
In base 3, what is 200110001212 + 10?
200110001222
In base 3, what is -202 + -200211211?
-200212120
In base 7, what 